. Suppose -b*a = -r*p + p - 187, 2*a - 3*p = 80. Is a prime?
True
Let i = 65182 - -1729. Is i a prime number?
False
Let v be 128/48*6/4. Suppose 3*u + v*x = 2*u + 6, 3*x = -u + 6. Suppose z - 2682 = -3*z + 5*f, 3*f - u = 0. Is z a prime number?
True
Is (-919)/((-12)/(-42) + 9/(-7)) prime?
True
Suppose 4*b - 2*i + 5519 + 5019 = 0, 20 = -4*i. Is (16/(-24))/(2/b) a composite number?
True
Suppose 10*d - 5*d - 4*o = 25449, 20360 = 4*d - 3*o. Is d prime?
False
Let i = -16 + 23. Is 3734/8 - i/(-28) a composite number?
False
Let a = 14594 + -667. Is a prime?
False
Let t = 10 + -3. Let n be (t/(-7))/((-1)/(-4)). Is n*1/(-4)*7 a composite number?
False
Let a(o) = o**3 + 12*o**2 - 9*o + 10. Let b be a(-11). Suppose -2*d - 3*c = 2*c + b, 4*c - 8 = 0. Let q = d + 685. Is q composite?
True
Let z = -5 + 9. Suppose -z*u = -3*d + 21 + 14, 3*u = -3*d. Suppose 0 = -2*r + d*j + 13, 2*r + 3*j + 42 = 5*r. Is r composite?
False
Is 3935 + (-8)/(-8 + 7) prime?
True
Suppose 156*s - 160*s = 24. Let l be (108*1 - -3) + 0. Is (-12 + 2)/(s/l) a composite number?
True
Let j(h) = 4*h - 15 - 10*h - 7*h. Let z = 9 + -13. Is j(z) a prime number?
True
Let q = -18158 - -28585. Is q composite?
False
Let o(c) = 17*c**2 + 8*c + 17. Let q be o(-11). Let r = -1019 + q. Is r prime?
True
Let f = -533 - 204. Let q = f + 1566. Is q a prime number?
True
Let o = 3043 - 1690. Suppose 5*q = -5*p + 1690, 3*q - o = -q - 5*p. Is q composite?
False
Let a be (-2)/(-3)*(-153)/34. Is 1533 + 6*(1 - (-4)/a) composite?
False
Let n be -4 - -2938 - 3 - -4. Suppose 7*a = 2*a + n. Is a a prime number?
True
Is (6*136/72)/((-8)/(-156)) a prime number?
False
Let g(k) = 4327*k**2 + 2*k + 2. Is g(-1) composite?
False
Let h = -15 - -35. Suppose -h = -0*f - 4*f. Suppose -2*s = f*r - 1329, -5*s + 4*r + 3405 = -0*r. Is s a prime number?
True
Let b = -603 - -13652. Is b a composite number?
False
Let q(m) = 3*m**2 - 20*m + 130. Is q(6) prime?
False
Suppose 5*h - 5*t - 15 = 0, 2*h = -0*h + 5*t - 6. Let x(q) = -1 - 4 - 4 + 16*q. Is x(h) a prime number?
True
Suppose 6*m - 4 = 4*m, 0 = 2*x - 4*m - 6006. Is x a prime number?
False
Let d = -71 + 68. Is (-2 - d - 0 - -695) + 1 a prime number?
False
Suppose -2*b = -7402 - 37440. Is b prime?
False
Let g = -27729 - -48590. Is g prime?
False
Suppose a + 19 = 40. Let n = a + -17. Suppose 5*f - x = 2364, -3*f = f - n*x - 1888. Is f prime?
False
Let i = -2956 - -7603. Is i composite?
True
Suppose -2*o - 77*a + 82*a = -928, -3*a + 896 = 2*o. Is o composite?
True
Let t be 3*8/(-12)*10. Let h = 33 + t. Is h a prime number?
True
Suppose 17*w = 16*w + 70. Let d = -37 + w. Is d composite?
True
Let y = 2186 - -3197. Is y a prime number?
False
Let k = -1253 - -5232. Is k a prime number?
False
Let x = -963 + 383. Let o be 3/(1 + 586/x). Is (o - 1)*(-4)/4 composite?
True
Let p = -684 + 2391. Let q = 3043 - p. Suppose 6*r - q = 182. Is r composite?
True
Suppose -5*p = -2*a - 69713, 3*p + p - a = 55771. Is p prime?
False
Suppose -2*k + 3*v + 525 = -482, 1 = v. Is k composite?
True
Let u(w) = 3*w**2 + 3*w - 7. Let r be u(2). Let d(v) = 2*v**3 + 5*v**2 - 13*v - 15. Is d(r) composite?
False
Let x = -33290 + 55159. Is x prime?
False
Is (94406/(-52))/((-2)/4) a composite number?
False
Let a be 2*5*(-4)/(-8). Suppose -a*d = 89 + 16. Is 14*4 + d/7 composite?
False
Let c(q) = -8*q**3 - 42*q**2 - 29*q + 17. Is c(-14) a composite number?
False
Let y = 10 + -5. Suppose 0 = -y*u + n + 2*n - 999, 186 = -u - 4*n. Let f = u + 431. Is f prime?
True
Suppose -2*l = 4*u - 24, -l + 3*u = -2*u - 12. Suppose 17*v = l*v + 25. Suppose 3*z + 0*z = 5*n + 251, -5*n = -v*z + 405. Is z prime?
False
Let c = 1391 + -909. Let z be (-2 - -4) + 1 + c. Suppose 0*w - z = -w. Is w prime?
False
Let c(p) = p**3 - p**2 + p + 92. Let f be c(0). Let s = f - -261. Is s a composite number?
False
Let m(i) = i**2 - i - 17. Let u be m(-12). Let q = u - -48. Is q composite?
True
Let n(i) = -4*i**3 + 9*i**2 + 6*i - 25. Is n(-8) a composite number?
False
Let u be (-742 - 2)*(-87)/9. Is u/24 - 4/6 a prime number?
False
Let c(u) = u**3 - 6*u**2 - 10*u + 7. Suppose l + 0*l = -5*q - 14, 0 = -4*q - 20. Let a be c(l). Is a/4*(-14 - -16) prime?
True
Suppose -4*n = -47 - 21. Suppose 0 = 12*h - n*h + 3295. Is h a composite number?
False
Let r(v) = -90*v + 25. Is r(-7) composite?
True
Let k be (-4)/6*(-3537)/18. Let w = -2 + k. Let f = 458 - w. Is f a prime number?
False
Suppose -2*z - 206 = 3672. Let f = -1097 - z. Suppose -2*h - r = -f, -2*h + 0*r - 2*r + 846 = 0. Is h prime?
True
Let a = 2552 + 599. Is a a composite number?
True
Suppose 5*o + 2*l = 9027 - 972, -4*l = -2*o + 3198. Let r = 2724 - o. Is r prime?
False
Let d(t) = -t - 17. Let w be d(-20). Is w - (-9)/((-18)/(-1168)) prime?
True
Let p be 3 - 3/(-15)*(-1 - 4). Let o = 208 + -7. Suppose p*y = 5*y - o. Is y a prime number?
True
Let x(d) = 2*d**2 + 2*d - 2. Let u be x(-2). Suppose 4*z - 2446 = -3*v + 2*z, 2*z + 1644 = u*v. Is v composite?
True
Suppose -8043 = -45*i + 42*i. Is i composite?
True
Suppose -5*d = -5*b - 18965, 5*d - 8958 = -5*b + 9987. Is d composite?
True
Suppose -3*w = 43301 - 116918. Is w composite?
True
Suppose 0 = -19*z + 18*z - 856. Let g be (-4)/2*z/2. Suppose 0 = 9*s - 5*s - g. Is s a prime number?
False
Let l(f) = -393*f**3 - f**2 + 2*f + 2. Let b be l(-2). Suppose -5*n + b = -2*g, -n + 2*n = 0. Let x = -1070 - g. Is x a prime number?
True
Suppose -1 - 3 = -2*i. Suppose -3*h + 10895 = i*h. Is h a prime number?
True
Let u = 28710 - 17693. Is u a composite number?
True
Suppose 1 = -2*g + 2*y + 15, 5*y = 20. Suppose 2*n + 3*j + g = 0, 5*j + 13 = -4*n - 8. Is (-1)/n - (-1483)/4 a composite number?
True
Suppose 5*d - 2*c + 0*c = -60, -4*d = -2*c + 48. Let h = d + 8. Is (-382)/4*8/h prime?
True
Let c = 2221 - 528. Is c a composite number?
False
Let h(l) = l + 12. Let x be h(-7). Suppose -r = -0*r - 5*c - 1386, x*r + 4*c = 6785. Is r a composite number?
False
Let x(l) = l**2 - 4*l - 1. Let g be x(5). Is g/(-30) + 8027/15 composite?
True
Let j = 10 + -8. Suppose p - 3 = -j*p. Let w(u) = 216*u + 1. Is w(p) a prime number?
False
Let m = -452 - -108. Let c = 557 + m. Suppose -i = 1 - 4, -c = -4*f - 3*i. Is f a composite number?
True
Suppose -2*a = -a - 1, 5*a - 446 = s. Suppose -4*y - 176 - 264 = 0. Let o = y - s. Is o prime?
True
Let c = 33 + -31. Suppose -s + c*s = 65. Is s composite?
True
Let j(m) = -m**2 - 9*m - 8. Let u(t) = t**2 - t. Let f(g) = j(g) + 2*u(g). Is f(14) prime?
False
Let x = -33 + 56. Suppose -2*d = -5*j + x, 0 = -j + 2*d - 6*d + 9. Suppose t - 5*t - 4 = 0, -5*t + 285 = j*g. Is g a composite number?
True
Suppose -f - 2*f = -12. Let x(y) be the third derivative of 11*y**4/24 + 7*y**3/6 + 3*y**2. Is x(f) prime?
False
Let k(f) = 2*f**2 - 2*f - 4. Let u be k(-3). Suppose 4*s + 4*b + b = 352, -5*b = u. Suppose -z + 5*j + 109 = 0, s + 4 = z - 2*j. Is z composite?
False
Let g(x) = 3162*x**2 + 2*x - 1. Let w be g(1). Suppose 5*q = 2*b + w, -b = -4*q + 4*b + 2544. Is q a prime number?
True
Let b be 1049 - 2*(-1)/(-2). Let h be (-7368)/(-14) + 7/((-196)/8). Suppose -4*x - 3*z + b = -0*z, -2*z + h = 2*x. Is x a composite number?
True
Suppose 0 = -2*u + 8 - 2. Suppose h - u*g = -g + 2, 0 = h - g - 2. Suppose 2*n + 98 + 86 = h*o, 5*o = -3*n + 500. Is o a prime number?
True
Suppose -i = 4*r + 2, 5*r + 1 - 4 = -4*i. Let j(t) be the third derivative of 17*t**6/120 - t**5/20 + t**4/12 - t**3/6 - t**2. Is j(i) a prime number?
True
Let y(d) = 17*d - 14. Let x be y(4). Let c = 136 - x. Is c prime?
False
Is (75598 - 0)*(-7)/28*-2 a composite number?
False
Let f = -722 + 1441. Is f a prime number?
True
Let s(n) = 107*n**2 - n - 4. Let g be s(-5). Suppose -3*x - g = -3*c, -2*x - 2*x + 4415 = 5*c. Is c a prime number?
True
Suppose -3*q = q - c - 24, -c = 4. Suppose 3*g = -2*s + g + 8, s = -2*g + q. Suppose 0 = -s*x + 2*x + 55. Is x a composite number?
True
Let l be 10725/44 + 2/8. Suppose -2*q + 5*o = 2*q - 244, 4*q - l = -4*o. Let h = -36 + q. Is h a composite number?
True
Suppose 152*d - 156*d + 13004 = 0. Is d prime?
True
Let h(u) = -9*u**3 - u**2 - 20*u - 47. Is h(-14) a composite number?
False
Suppose -3687 = -p + z, 80*p - 78*p + 2*z - 7390 = 0. Is p a composite number?
False
Suppose -t + 1394 = t. Let s be t - (-1 - 6/(-3)). Suppose -2*r + s = -178. Is r prime?
False
Suppo